-o + 419 = y*i. What are the prime factors of i?
3, 5, 7
Let y be 116912/22 - 2 - (-18)/(-99). Suppose 3*r + t = 2*r + 1328, -2*t = -4*r + y. What are the prime factors of (r/12)/(-2)*-3?
2, 83
Let s = 65 - 29. Suppose 4*m - m = -s. Let n = 15 + m. List the prime factors of n.
3
Let w be 8/(-6) + 39974/(-3). List the prime factors of 102/255 + w/(-10).
31, 43
Let v(j) = j**2 + 16*j - 96. Let m be v(7). Suppose 54*t + 15015 = m*t. What are the prime factors of t?
3, 5, 7, 13
Suppose 4*c - 219 = 757. Let z = c + -68. List the prime factors of z.
2, 11
Suppose -q - 59*a + 64*a = -14331, -2*q - 4*a = -28620. What are the prime factors of q?
2, 3, 1193
Let l(p) = 30*p**2 - 4*p + 204. List the prime factors of l(-16).
2, 1987
Let w(t) = -15*t + 63. Suppose 12*g - 18 = 13*g. What are the prime factors of w(g)?
3, 37
Let k be (-79 + 102)*(-29 - 0). Let a = k - -1582. What are the prime factors of a?
3, 5, 61
Let r be (5 - 2 - 17) + 0 + 4. List the prime factors of (-5225)/(-20) - (r/(-8) + -1).
3, 29
Suppose -25*a = -17*a + 16. What are the prime factors of (8 - (-6 - -11))/(a/(-128))?
2, 3
Let d(p) = 99*p**2 + 53*p - 96. List the prime factors of d(24).
2, 3, 5, 97
Let s(y) = -9*y**2 - 713*y + 43. List the prime factors of s(-50).
79, 167
Let f(l) = -91*l**3 - l**2 + 21*l + 14*l + 9*l**2 - 21*l - 4. What are the prime factors of f(-2)?
2, 7, 13
Let b(c) = 224*c**3 + 17*c**2 - 16*c - 5. List the prime factors of b(4).
7, 31, 67
Suppose 3*a - 32*f + 1916 = -33*f, 5*a - 2*f + 3197 = 0. Let b = a - -1092. List the prime factors of b.
3, 151
Let o be 1/(-1 - 15/(-18)). Let h be 18*(-3)/6 - (-2 - o). Let t = 57 + h. What are the prime factors of t?
2, 11
Suppose -26*v - 641 = -27*v + x, 0 = -5*v - 4*x + 3178. Let k = -361 + v. List the prime factors of k.
277
Let t be (-19)/(76/312)*2787/(-6). Suppose 26*k - t + 5421 = 0. List the prime factors of k.
3, 5, 79
Suppose 4*s - 2382 = 4*w + 638, w - 3*s + 749 = 0. Let c = 1216 + w. List the prime factors of c.
2, 229
What are the prime factors of ((-8)/34)/(8/(-1974444)) - 420/(-3570)?
2, 7, 17, 61
Suppose 0 = 42*k - 47*k - 1470. Let l = k + 511. List the prime factors of l.
7, 31
Let x(o) = -2*o - 44. Suppose -r = -2*q - 52 + 3, -5*q + 5*r = 125. Let d be x(q). What are the prime factors of d/16 + (-1262)/(-8)*1?
2, 79
Let z = -1059 - -4137. List the prime factors of z.
2, 3, 19
Let n be (-6)/2 + -5 + (-18)/(-6). What are the prime factors of (-1670)/n - (-1 - (3 + -8))?
2, 3, 5, 11
Let g(o) = -o**3 - o + 6. Suppose -3*x + 14 = f, 0 = 2*x - 10*f + 5*f - 32. Suppose 12*t + x = 10*t. List the prime factors of g(t).
2, 3
Let y(a) = 13*a + 6. Let d be y(33). Suppose p + 4*k - d = 0, -p + k + 633 = 183. List the prime factors of p.
3, 149
Suppose -2*m + 4*v - 2145 = -5*m, -m + 714 = v. Let j = m - -110. What are the prime factors of j?
821
Let v be ((-2)/(-6))/((-1)/(-39)). Let u(h) = h**2 - 28 - 2 - 35 + 16*h + v. List the prime factors of u(-23).
109
Let f(a) = 40*a**2 + 16*a - 1. Let p be f(-4). Let v = p - 348. List the prime factors of v.
227
Let w be 12/(-5)*(62/(-4) + -2). What are the prime factors of ((-1403)/122)/(((-5)/w)/5)?
3, 7, 23
Let c = 1766 - 990. List the prime factors of (-4)/(-28) - c/(-7).
3, 37
Let l(j) = 18 - 84*j - 83*j - 85 + 157*j + 2*j**2. List the prime factors of l(22).
3, 227
Suppose 15*m = 2 + 58. Let w(y) = 10*y - 9. Let n be w(6). Suppose -n = f - m*f. What are the prime factors of f?
17
Suppose 5*i = -5*o + 25, -2*i + 6 + 1 = -o. Let v(w) = 5*w**3 + 9*w**2 - 23*w - 5. List the prime factors of v(i).
367
Suppose 996 = 10*t - 1614. What are the prime factors of t/(-54)*-100 + 2/(-6)?
3, 7, 23
Let z(k) = -2*k**3 - 13*k**2 - 4*k - 3. Let m = 95 - 104. List the prime factors of z(m).
2, 3, 73
Let a = -23 - 22. Let d(h) = h**3 - h**2 - 65*h + 43. Let u be d(9). Let f = u + a. List the prime factors of f.
61
Let l be (-48)/(-60) - 412/(-10). Suppose -259 = -p + u, p + 4*u = l + 227. List the prime factors of p.
3, 29
Suppose -4*z - 3*y + 122743 = 2*y, 0 = 2*z - 3*y - 61333. List the prime factors of z.
30677
Let y be (-844 - -2 - -7)*(-6)/(-5). Let n = y + 1454. What are the prime factors of n?
2, 113
Let g(f) = -343*f + 1195. List the prime factors of g(-16).
41, 163
Let m(v) be the third derivative of v**6/120 + 7*v**5/30 + 25*v**4/24 + 5*v**3/3 - 35*v**2. Let f be m(-9). Let n = f + -132. What are the prime factors of n?
2, 29
Let y be (3/6)/(((-15)/(-6))/(-5)). Let l be y/4 + (-9)/(-4). Suppose -15 = -3*p + 3*f, f = 4*p - l*f - 21. List the prime factors of p.
2, 3
Let w = -426 - -426. What are the prime factors of (w/4)/4 - 1 - -657?
2, 41
Let j = -85 + 209. Suppose 9*q - 1186 = -j. List the prime factors of q.
2, 59
Let u = 259 - 139. Suppose -5*v = -u - 60. Let f = v - -130. List the prime factors of f.
2, 83
Let n be 13/(-26) - 34/4. Let x = n + 12. Suppose x*b - 23 = 2*b. What are the prime factors of b?
23
Let u(j) be the third derivative of j**5/15 + 73*j**4/24 - 2*j**3 + 6*j**2 + 5*j. List the prime factors of u(8).
2, 3, 23
Let d be 12*((-4)/(16/(-17)) + -5). List the prime factors of (-174)/9*d/2.
3, 29
Suppose -23*g = -0*g - 286189. Suppose -14*l = 1033 - g. List the prime factors of l.
5, 163
Suppose -2*d = -9 + 1. Suppose 0*g - d*a = 4*g - 20, -4*a = -4*g - 4. Let y(h) = 10*h**3 - 2*h + 3. List the prime factors of y(g).
79
Suppose 3*q + 3*y = -2*q + 210, 4*y - 25 = -q. Suppose 5*u = 3720 - q. Suppose 32*i - 27*i - u = 0. What are the prime factors of i?
3, 7
Suppose 19*g - 27*g - 80 = 0. What are the prime factors of (((-84)/g)/1)/(18/1140)?
2, 7, 19
Suppose 0*z - 2*p = 4*z - 1184, 0 = -z - 5*p + 305. Let w(i) = i**3 - 11*i**2 - 3*i - 19. Let u be w(9). Let j = z + u. List the prime factors of j.
3, 29
Suppose a - 5*j = 25, -3*j = -0*j + 9. Suppose 47 = 3*d + 2. Suppose -a*r = -d*r + 740. List the prime factors of r.
2, 37
Let v(z) = 8*z**2 + 2*z - 6. Suppose -12*t - 3 = -13*t. Let l be v(t). Suppose 0 = 2*u - 14*u + l. What are the prime factors of u?
2, 3
Suppose 633 = v - b, -2*b + 6*b = 4. Suppose 3*o + v = z - 2*o, -3*o + 3310 = 5*z. What are the prime factors of z?
659
Suppose 3*z = -362 + 1610. Suppose f = 3*f - z. Let v = f - 148. List the prime factors of v.
2, 3, 5
Let g be 501785/45 + 12/54. Suppose -20*h = -29*h + g. List the prime factors of h.
3, 7, 59
What are the prime factors of (-4 + -10 + 9)*73374/(-35)?
2, 3, 1747
Let m be (-820)/80 - 2/(-8). Let d be 112/10 - 8/m. Let q = 39 - d. List the prime factors of q.
3
Let n(g) = 1593*g - 8. What are the prime factors of n(2)?
2, 7, 227
Suppose 2*z = 3073 - 805. Let x = -657 + z. List the prime factors of x.
3, 53
Suppose -8*c - 5*c + 38772 = 1605. What are the prime factors of c?
3, 953
Let x(d) = 3557*d + 5432. What are the prime factors of x(7)?
7, 619
Let a = -2706 + 9552. What are the prime factors of a?
2, 3, 7, 163
Suppose 5*l + 16769 = 2*f, -23276 = -4*f + 2*l + 10270. What are the prime factors of f?
8387
Suppose 3*r = -15, -7*v - 3*r + 45 = -3*v. Suppose 0 = -18*w + v*w + 12. Suppose -3*o = 3*q - 246, 3*q - 4*q = w*o - 337. What are the prime factors of o?
5, 17
Suppose 0 = 3*j + 4*g - 16 - 24, -5*j + 60 = 5*g. Let i = j + -9. List the prime factors of 2/(-6)*(-92 + i).
31
Suppose -19618*i + 19628*i = 80170. List the prime factors of i.
8017
Suppose 35*i - 113721 = 259064. What are the prime factors of i?
10651
Let s = 527 - 524. Suppose s*r + 3*h - 3399 = 0, 0 = -4*r - 3*h + 2387 + 2148. List the prime factors of r.
2, 71
List the prime factors of 4*1473 - (-13 - 40/(-8)).
2, 5, 59
Let z be 60/((2/16)/((-6)/(-36))). Let q = z - 80. Suppose p - 2*p = -4*r + 680, q = -5*r - 2*p + 863. What are the prime factors of r?
3, 19
Let n be 38/12 - (-4 - 125/(-30)). Suppose n*t + 0*c = c + 868, 2*t = -5*c + 573. What are the prime factors of t?
17
Let w be (-5)/((-30)/4314) + 2. Let a = 1181 - w. List the prime factors of a.
2, 5, 23
Let o(s) = 506*s**2 + 71*s - 255. List the prime factors of o(4).
5, 13
Let c = 5985 - -3715. What are the prime factors of c?
2, 5, 97
Let a = 356 - 188. Suppose 0 = 5*n - 7*n - a. Let l = 123 + n. What are the prime factors of l?
3, 13
Let d = -132 + 439. Let p = 591 - d. What are the prime factors of p?
2, 71
Let a(w) be the third derivative of w**5/60 - w**4/24 - 31*w**